False
Is 8 a factor of 476?
False
Does 88 divide 352?
True
Is 14875 a multiple of 154?
False
Does 27 divide 2565?
True
Is 400 a multiple of 20?
True
Is 63 a factor of 4284?
True
Is 1008 a multiple of 72?
True
Is 9 a factor of 252?
True
Is 7 a factor of 658?
True
Is 48 a factor of 22142?
False
Is 10 a factor of 120?
True
Is 77051 a multiple of 13?
True
Is 76057 a multiple of 63?
False
Does 87 divide 46197?
True
Is 44044 a multiple of 14?
True
Is 45 a factor of 810?
True
Is 344 a multiple of 4?
True
Does 17 divide 1496?
True
Does 40 divide 4106?
False
Is 2 a factor of 57?
False
Does 198 divide 18118?
False
Is 46 a factor of 3692?
False
Is 1668 a multiple of 131?
False
Does 36 divide 4764?
False
Does 8 divide 3263?
False
Is 44 a factor of 80740?
True
Does 9 divide 4473?
True
Is 5082 a multiple of 16?
False
Is 28 a multiple of 14?
True
Is 32198 a multiple of 26?
False
Does 17 divide 2731?
False
Is 1008 a multiple of 27?
False
Does 55 divide 2310?
True
Is 95202 a multiple of 123?
True
Is 2013 a multiple of 11?
True
Does 231 divide 25872?
True
Is 18745 a multiple of 23?
True
Is 2520 a multiple of 126?
True
Is 2426 a multiple of 14?
False
Is 12 a factor of 460?
False
Does 3 divide 441?
True
Is 4 a factor of 1376?
True
Does 107 divide 17960?
False
Does 13 divide 9984?
True
Is 255 a multiple of 2?
False
Is 2 a factor of 96?
True
Is 144 a factor of 11971?
False
Is 7625 a multiple of 7?
False
Is 66 a factor of 8599?
False
Does 3 divide 3?
True
Is 11131 a multiple of 233?
False
Is 12 a factor of 22012?
False
Is 6768 a multiple of 12?
True
Is 5 a factor of 9983?
False
Does 2 divide 5756?
True
Is 140 a factor of 3463?
False
Is 202 a factor of 80259?
False
Is 1150 a multiple of 28?
False
Is 20 a factor of 1679?
False
Does 59 divide 6209?
False
Is 8441 a multiple of 367?
True
Does 7 divide 1736?
True
Is 729 a multiple of 5?
False
Does 17 divide 37349?
True
Is 2913 a multiple of 50?
False
Does 9 divide 302?
False
Is 2 a factor of 212?
True
Is 15 a factor of 420?
True
Does 10 divide 3261?
False
Is 20 a factor of 580?
True
Does 19 divide 10253?
False
Does 7 divide 789?
False
Does 35 divide 108640?
True
Is 196 a multiple of 4?
True
Does 52 divide 5044?
True
Is 2 a factor of 13085?
False
Is 133 a factor of 21620?
False
Is 56 a factor of 16128?
True
Does 5 divide 165?
True
Is 784 a multiple of 3?
False
Is 18648 a multiple of 74?
True
Does 24 divide 7368?
True
Is 5973 a multiple of 27?
False
Is 15 a factor of 3960?
True
Is 17 a factor of 19669?
True
Is 1296 a multiple of 24?
True
Is 78 a multiple of 13?
True
Is 40 a factor of 5760?
True
Does 10 divide 960?
True
Does 13 divide 48529?
True
Is 14 a factor of 6790?
True
Is 176 a factor of 52800?
True
Is 14 a factor of 420?
True
Does 13 divide 19451?
False
Is 1598 a multiple of 17?
True
Does 11 divide 187?
True
Does 2 divide 2484?
True
Does 4 divide 1387?
False
Does 23 divide 14605?
True
Is 217 a multiple of 5?
False
Does 18 divide 40858?
False
Does 16 divide 52?
False
Is 37227 a multiple of 7?
False
Is 620 a multiple of 31?
True
Is 1420 a multiple of 4?
True
Does 33 divide 396?
True
Does 39 divide 21411?
True
Is 59852 a multiple of 26?
True
Does 106 divide 3924?
False
Is 2238 a multiple of 20?
False
Is 703 a multiple of 10?
False
Is 4850 a multiple of 194?
True
Does 14 divide 2114?
True
Is 42158 a multiple of 139?
False
Does 29 divide 54897?
True
Does 180 divide 11520?
True
Is 23600 a multiple of 40?
True
Is 160 a multiple of 20?
True
Does 7 divide 266?
True
Is 3822 a multiple of 98?
True
Is 29181 a multiple of 6?
False
Is 23 a factor of 1288?
True
Does 57 divide 16011?
False
Is 187 a factor of 56287?
True
Is 3 a factor of 360?
True
Is 139 a factor of 5421?
True
Does 28 divide 1596?
True
Is 447 a factor of 72861?
True
Is 21186 a multiple of 66?
True
Does 25 divide 10775?
True
Is 12 a factor of 528?
True
Is 15543 a multiple of 240?
False
Is 4860 a multiple of 27?
True
Is 21842 a multiple of 87?
False
Does 52 divide 1401?
False
Is 59 a factor of 3658?
True
Does 21 divide 1092?
True
Is 95529 a multiple of 34?
False
Is 2565 a multiple of 15?
True
Is 3802 a multiple of 11?
False
Does 69 divide 7923?
False
Is 9427 a multiple of 188?
False
Is 64 a factor of 86144?
True
Is 1371 a multiple of 21?
False
Does 16 divide 53?
False
Is 1652 a multiple of 59?
True
Is 143 a multiple of 8?
False
Is 11 a factor of 10923?
True
Does 9 divide 990?
True
Is 14 a factor of 2319?
False
Is 2 a factor of 1872?
True
Is 3642 a multiple of 6?
True
Does 13 divide 9480?
False
Is 86 a factor of 1687?
False
Is 61165 a multiple of 65?
True
Is 716 a multiple of 11?
False
Is 28 a factor of 11949?
False
Is 9018 a multiple of 3?
True
Does 8 divide 1336?
True
Is 28 a factor of 980?
True
Is 62102 a multiple of 15?
False
Is 8 a factor of 2652?
False
Does 8 divide 39265?
False
Does 60 divide 1252?
False
Does 59 divide 1239?
True
Is 10 a factor of 8727?
False
Is 1694 a multiple of 2?
True
Is 86 a factor of 2150?
True
Is 512 a multiple of 14?
False
Is 12 a factor of 300?
True
Is 468 a multiple of 3?
True
Does 27 divide 3321?
True
Is 262 a factor of 70216?
True
Is 11 a factor of 1821?
False
Is 67 a factor of 1248?
False
Does 4 divide 495?
False
Is 758 a multiple of 26?
False
Is 17512 a multiple of 22?
True
Does 49 divide 1623?
False
Does 5 divide 1278?
False
Is 924 a multiple of 77?
True
Does 36 divide 1433?
False
Is 55898 a multiple of 38?
True
Is 231 a multiple of 11?
True
Does 10 divide 11183?
False
Is 10160 a multiple of 40?
True
Does 2 divide 58?
True
Is 11203 a multiple of 249?
False
Is 49 a factor of 1354?
False
Does 56 divide 1364?
False
Does 5 divide 7948?
False
Is 21643 a multiple of 23?
True
Is 29982 a multiple of 60?
False
Is 12902 a multiple of 33?
False
Does 116 divide 27072?
False
Is 368 a multiple of 10?
False
Is 6 a factor of 529?
False
Is 670 a multiple of 19?
False
Does 29 divide 1073?
True
Does 57 divide 24240?
False
Is 74665 a multiple of 352?
False
Is 20 a factor of 8040?
True
Is 11 a factor of 3894?
True
Does 5 divide 505?
True
Is 66 a multiple of 4?
False
Is 26 a factor of 4160?
True
Is 12 a factor of 504?
True
Is 25628 a multiple of 22?
False
Does 6 divide 186?
True
Is 6623 a multiple of 17?
False
Does 3 divide 636?
True
Is 9 a factor of 54216?
True
Does 68 divide 612?
True
Is 6 a factor of 12?
True
Is 9348 a multiple of 246?
True
Is 20 a factor of 9580?
True
Is 972 a multiple of 81?
True
Is 134 a factor of 4958?
True
Is 31 a factor of 7161?
True
Is 33 a factor of 7669?
False
Is 11659 a multiple of 209?
False
Is 1300 a multiple of 4?
True
Does 14 divide 3221?
False
Does 78 divide 27238?
False
Is 5 a factor of 1525?
True
Is 21 a factor of 84?
True
Is 3 a factor of 466?
False
Is 15897 a multiple of 15?
False
Does 209 divide 20273?
True
Is 9 a factor of 437?
False
Is 41 a factor of 392?
False
Does 6 divide 948?
True
Does 40 divide 536?
False
Is 6780 a multiple of 12?
True
Is 481 a multiple of 6?
False
Does 66 divide 1914?
True
Is 13932 a multiple of 21?
False
Is 47 a factor of 189?
False
Is 5916 a multiple of 12?
True
Is 10 a factor of 1010?
True
Is 157 a multiple of 5?
False
Does 33 divide 273?
False
Is 888 a multiple of 12?
True
Is 46525 a multiple of 25?
True
Does 28 divide 71569?
False
Does 32 divide 352?
True
Is 26 a factor of 18615?
False
Does 32 divide 9263?
False
Does 34 divide 594?
False
Is 3 a factor of 118?
False
Does 52 divide 156?
True
Is 23895 a multiple of 121?
False
Does 6 divide 1182?
True
Is 11 a factor of 16465?
False
Is 82 a multiple of 4?
False
Is 858 a multiple of 11?
True
Is 14837 a multiple of 128?
False
Does 114 divide 2575?
False
Is 9774 a multiple of 34?
False
Is 15 a factor of 901?
False
Is 15 a factor of 2428?
False
Is 42789 a multiple of 51?
True
Does 140 divide 33460?
True
Does 25 divide 375?
True
Is 33 a multiple of 3?
True
Does 194 divide 32398?
True
Is 2924 a multiple of 17?
True
Is 2364 a multiple of 22?
False
Is 1088 a multiple of 68?
True
Does 112 divide 4720?
False
Is 8 a factor of 17002?
False
Is 1413 a multiple of 24?
False
Is 4 a factor of 24491?
False
Is 41232 a multiple of 24?
True
Is 30 a multiple of 10?
True
Is 9 a factor of 9?
True
Does 3 divide 496?
False
Is 66 a factor of 26400?
True
Is 24 a factor of 77?
False
Is 13 a factor of 342?
False
Is 3936 a multiple of 16?
True
Is 204 a factor of 179